 y + 6. Let l be v(-11). Let x = l - 6. Let q = 20 - x. Is q a multiple of 9?
True
Suppose -5*o = -28 - 2. Is -5*(-28)/o - (-2)/3 a multiple of 8?
True
Suppose -q + 4*o = -59, -5*o + 9*o + 169 = 3*q. Is q a multiple of 5?
True
Suppose 4*d - g = 402, 5*d - 5*g - 568 = -73. Let r = d + -9. Suppose 3*s + s = r. Is 17 a factor of s?
False
Let a(v) = v**2 - 31*v + 435. Is a(16) a multiple of 2?
False
Let a(s) = -s**2 - 5*s + 2. Let p = -2 - 3. Let v be a(p). Suppose -2*t - v*y = -4*y - 30, -5*t - 4*y + 93 = 0. Does 17 divide t?
True
Let x(i) = 2*i**2 + 10*i - 6. Suppose 0 = -2*u - 2*u + 8. Suppose -2*b - 32 = u*b. Is 14 a factor of x(b)?
True
Let a be (-26)/104 + 9/4. Let v = 6 - 4. Is 9 a factor of (-1)/(v/(-28)) + a?
False
Let u(w) = w**2 - w + 28. Let m be u(0). Let r = 169 + -164. Suppose -r*s + 67 = -m. Does 4 divide s?
False
Suppose -14*j - 150 = -11*j. Let u = j - -110. Is u a multiple of 20?
True
Let v be (-1 - 0)/(-1) + -1. Let l(i) = 2*i**3 + 22*i - 21*i + 3*i**3 - 4*i**3 + 11. Does 11 divide l(v)?
True
Suppose -3*h = -3*i - 4*h - 4, 5*i - 3*h = -2. Is 4*i*770/(-56) a multiple of 11?
True
Let f = -198 + 206. Let k be (-4)/(-2) + 42/2. Let d = k - f. Is 5 a factor of d?
True
Let i = 135 - 117. Does 11 divide (-3)/9 + 888/i?
False
Suppose -3*i - 353 = 4*z, 4*i + 4*z - 254 = -722. Does 23 divide 2/(20/i)*-2?
True
Let b(x) = 2*x**3 - 12*x**2 + 5*x - 1. Suppose 0 = -6*p + 10 + 26. Is b(p) a multiple of 8?
False
Let x(o) = -o**3 - 8*o**2 - 2*o + 10. Let g be x(-7). Let v = 19 + g. Let l = v + 48. Is 23 a factor of l?
False
Does 34 divide (-103020)/(-100) - 12/10?
False
Let l(m) be the first derivative of m**3/3 - 3*m**2 + 8*m - 9. Is l(-6) a multiple of 20?
True
Suppose 5*d + 266 - 56 = 0. Let h = d - -22. Is 14 a factor of (-2)/(-10) + (-836)/h?
True
Let g = 538 - 186. Is g a multiple of 44?
True
Let a = 364 + 76. Does 80 divide a?
False
Let v(t) = 15*t - 7*t + 25*t. Is 18 a factor of v(1)?
False
Is 30 a factor of 0 - (-48)/12*(15 + 0)?
True
Let q = 223 + -40. Is 9 a factor of q?
False
Let o(v) be the second derivative of -7*v**3/6 - 11*v**2/2 - v + 14. Let m be (2/2)/((-1)/5). Is o(m) a multiple of 12?
True
Let k = -284 + 408. Let u be 1/(2/((-16)/(-4))). Suppose 2*v + 302 = 5*c, -u*c - 2*v = -6*v - k. Does 12 divide c?
True
Suppose -3*p + 348 - 144 = -3*x, -4*p - 3*x = -272. Suppose j - p = -i - 0*i, -j - 148 = -2*i. Suppose -d - 2*d + i = 0. Is 19 a factor of d?
False
Suppose -2*f + 2*m + m = -238, -3*f + 355 = -5*m. Is 3 a factor of f?
False
Let x be 0/(-1) + -6 + 4. Let z = 126 + -65. Is (-6)/x + z - 1 a multiple of 22?
False
Let z = 166 - 38. Is 13 a factor of z/10 - (1 + 24/(-20))?
True
Suppose -3*x - 94 = -5*f + 68, 108 = -2*x - 5*f. Is 9/(x/(-120)) + (0 - -1) a multiple of 11?
False
Suppose 8 = s - 0*s + 4*b, b + 33 = s. Does 19 divide ((-16)/s - -1) + 1058/14?
True
Is -12*(326/(-24) - (-4)/16) a multiple of 20?
True
Let n = 4 + -2. Let t(k) = -k**n + 0*k**2 + 8*k + 10*k - 16. Is t(12) a multiple of 14?
True
Suppose -10*r = 6 + 24. Is 7 a factor of 0 + r + 34 + 11?
True
Let g = -370 - -613. Does 45 divide g?
False
Let w = 3 + 1. Let i = w - 2. Is 1*(i - 62/(-2)) a multiple of 12?
False
Let r(h) = h - 5. Let m be r(5). Suppose m = 4*n + 49 - 1. Let t = 21 + n. Is 7 a factor of t?
False
Let w(z) = -32*z**2 + 11*z + 19. Let y(u) = -8*u**2 + 3*u + 5. Let j(q) = 2*w(q) - 9*y(q). Is j(-3) a multiple of 21?
False
Let y = 331 - -794. Does 9 divide y?
True
Let m = -2451 - -4597. Is m a multiple of 37?
True
Let c = 14 - 8. Let u = c + -4. Is -3 - -3 - (-38 + u) a multiple of 18?
True
Let q(d) = 59*d**3 + d - 1. Let k be q(1). Suppose c - k = 84. Does 13 divide c?
True
Let z(b) = 429*b - 42. Is 9 a factor of z(1)?
True
Let y = -196 + 243. Does 10 divide y?
False
Let k = -169 + 1369. Is 48 a factor of k?
True
Let v = -1548 - -2318. Suppose 5*d + v = 5*h - h, -5*h = -3*d - 956. Is h a multiple of 35?
False
Suppose 4*m + 3 = -1. Let h be (-1 - m) + 91/13. Suppose -3*k - 4*z + 63 = 0, 5*k + h*z - 2*z = 110. Is k a multiple of 25?
True
Let k(f) = 2*f**2 - 2*f - 1. Let d be k(-1). Suppose -d*a = 97 + 29. Let g = -22 - a. Is g a multiple of 10?
True
Suppose i + 20 = -3*i. Is (-3 - 1) + 70/(i/(-5)) a multiple of 21?
False
Let x(z) = 4*z**2 - 4*z. Let j be x(-3). Let k be (-6)/(-15) - 42*46/(-20). Let d = k - j. Does 10 divide d?
False
Let v(m) = 2*m - 10. Let c be v(9). Let x be (-228)/(-16) - 2/c. Let p = 14 + x. Is p a multiple of 7?
True
Suppose 5*y = -5*t + 4190, -4*t - 4*y = -2*t - 1686. Does 7 divide t?
True
Let b(r) = r**2 - 8*r - 7. Let w be b(9). Suppose -3*u - 17 = -2*x, 2*u - 2*x - w*x + 22 = 0. Let p = 16 + u. Does 13 divide p?
True
Let d = 26 + -23. Is 34*(6 - d)*4/3 a multiple of 10?
False
Suppose -5*k - 10 = -5*s, 3*s - 4*s - 2*k + 8 = 0. Let o(g) = 12*g**2 + 2. Let f(v) = -48*v**2 - 9. Let z(u) = s*f(u) + 18*o(u). Does 8 divide z(-1)?
True
Suppose 0 = -k + 584 + 398. Is 9 a factor of k?
False
Let b be ((-7)/(-14))/(2/8). Suppose -b*x + 268 = 3*s, -3*s = -2*s - 4*x - 94. Is s a multiple of 15?
True
Let y = -460 + 1032. Is 26 a factor of y?
True
Let z = 137 - -403. Suppose 16*k - z = 13*k. Does 20 divide k?
True
Let g(b) be the first derivative of -b**3/3 + 6*b**2 - 8*b - 8. Suppose -2*r + 8 = -2*w + 34, -3*r - 12 = 0. Is 19 a factor of g(w)?
True
Let b(n) = n**2 + 2*n - 1. Suppose 4*j + 4 = 0, -4*p + 1 = -2*p + j. Let u be b(p). Suppose -z = -u*z + 34. Is z a multiple of 11?
False
Suppose 16*t - 5416 = 3304. Let u = t + -200. Is 23 a factor of u?
True
Let h(c) = -c**2 - 13*c + 22. Let d be h(-15). Let v = d - -10. Let o = v - -6. Does 4 divide o?
True
Let a(j) = j**2 - 2*j + 37. Suppose 2*x + 4*m - 4 = 0, 0 = x + 4*m - m + 3. Does 31 divide a(x)?
False
Let r = -43 - -45. Suppose -10 = 5*h, r*z + 3*z - 2*h = 194. Is 8 a factor of z?
False
Suppose -2*u = 3*v - 48, v - 60 = -3*u + 19. Let d = 23 - u. Is 21 a factor of 3/(3/((-264)/d))?
False
Let v be ((-12)/8)/((-12)/64). Does 29 divide (-1031)/(-6) - ((-392)/48 + v)?
False
Suppose t - 19 + 6 = 2*n, n = -4*t + 25. Suppose 5*k = -25, t = p - 5*k - 26. Does 3 divide p?
False
Let k = 300 - 210. Suppose -7 + 13 = 2*l. Suppose l*b = b + k. Is 9 a factor of b?
True
Let b(a) be the first derivative of -a**3/3 + 3*a**2 + 5*a - 5. Let h(d) = d + 1. Let n(v) = -b(v) + 5*h(v). Is 11 a factor of n(-6)?
False
Suppose -8*k + 6*k = -30. Let f = k - 12. Is 6 a factor of ((-105)/(-10))/(f/4)?
False
Let z be 0/(-1) + (-6 - -3). Let x = 16 + z. Suppose x = 2*j + 3*k, -j = -2*k + 6*k + 6. Is 5 a factor of j?
False
Suppose -3*r = x + 4, -5*r - 2*x + 4 = -3*x. Suppose -4*v + 83 - 7 = r. Suppose -3*s - b = -v, -4*b + 8 = 5*s - 19. Does 4 divide s?
False
Let o(b) = 29*b - 4. Let a be o(1). Is (28/5)/(5/a) a multiple of 7?
True
Let l = -308 + 602. Does 49 divide l?
True
Is 14/((4 - 10)/(-108)) a multiple of 9?
True
Let t(y) = -y**2 - 47*y - 102. Is t(-39) a multiple of 7?
True
Suppose -4*a = 4*m + 28, 2*m + 2*a + 11 = a. Let f(x) = -x**3 + 6*x**2 + 19*x + 4. Is f(m) a multiple of 16?
False
Suppose 54 = 9*u - 3*u. Is 16 a factor of (u/(-27))/(3/(-1224))?
False
Is 69/((108/(-88))/(-9)) a multiple of 23?
True
Let n = -76 + 120. Let y = n + -33. Is 10 a factor of y?
False
Let p(o) be the first derivative of -o**5/20 + 7*o**4/12 + o**3/3 + 3*o**2/2 + 5*o - 1. Let f(u) be the first derivative of p(u). Does 17 divide f(7)?
True
Let p = -526 + 784. Is 43 a factor of p?
True
Suppose -4*o - p = -2071, -p = -251*o + 249*o + 1031. Is o a multiple of 10?
False
Let f = 1714 + -906. Is 7 a factor of f?
False
Suppose 1164 = -7*t + 11*t + 4*n, 3*t - 857 = n. Is 22 a factor of t?
False
Let u be 13*(-3 + 2) - 0/(-13). Let z(b) = -4*b + 32. Is z(u) a multiple of 14?
True
Let l be 3 + 4 + -3 + 8. Let c(b) = b + 3. Does 4 divide c(l)?
False
Let b(v) = 39*v**2 + v - 4. Does 22 divide b(2)?
True
Let d(w) = -46*w - 34. Is d(-7) a multiple of 32?
True
Let p be (-20)/6*(-5 - -2). Let v = 10 - p. Suppose 4*r = -5*c - v*c + 162, 30 = c + 2*r. Is c a multiple of 17?
True
Suppose 0 = -2*w - 0*w + i + 268, 280 = 2*w - 4*i. Suppose -2*c - w = -5*s, -3*s + 3*c = s - 100. Suppose s = -2*k + 4*k. Is 4 a factor of k?
False
Let g = 396 + -257. Suppose o - g = 41. Suppose -5*t + 20 = -o. Does 24 divide t?
False
Let w = 3 + -7. Let d(z) = z**2 - 2*z 